{"id":230,"date":"2020-01-13T11:17:52","date_gmt":"2020-01-13T11:17:52","guid":{"rendered":"https:\/\/demosites.io\/web-agency-gb\/?page_id=5"},"modified":"2021-07-08T20:40:15","modified_gmt":"2021-07-08T23:40:15","slug":"15c42-web-agency-gb-home","status":"publish","type":"page","link":"https:\/\/tarbellconsult.com\/","title":{"rendered":"Home"},"content":{"rendered":"\n<div class=\"wp-block-cover alignfull\" style=\"min-height:937px\"><img loading=\"lazy\" width=\"1366\" height=\"768\" class=\"wp-block-cover__image-background wp-image-109\" alt=\"\" src=\"http:\/\/tarbellconsult.com\/wp-content\/uploads\/2020\/07\/web-design-studio-01.jpg.jpg\" style=\"object-position:50% 64%\" data-object-fit=\"cover\" data-object-position=\"50% 64%\"\/><div class=\"wp-block-cover__inner-container\">\n<div style=\"height:80px\" aria-hidden=\"true\" class=\"wp-block-spacer\"><\/div>\n\n\n\n<div class=\"wp-block-image is-style-default\"><figure class=\"aligncenter size-large is-resized\"><img loading=\"lazy\" src=\"https:\/\/tarbellconsult.com\/wp-content\/uploads\/2021\/04\/TARBELL_CONSULT_alta_completo2-3.png\" alt=\"\" class=\"wp-image-307\" width=\"770\" height=\"261\"\/><\/figure><\/div>\n\n\n\n<h2 class=\"has-text-align-center has-text-color\" style=\"color:#121212\">uma nova forma de pensar consultoria socioambiental empresarial<\/h2>\n\n\n\n<div class=\"wp-block-buttons is-content-justification-center\">\n<div class=\"wp-block-button is-style-primary\"><a class=\"wp-block-button__link\" href=\"https:\/\/youtu.be\/ud1vLwejrWM\">V\u00eddeo Institucional<\/a><\/div>\n<\/div>\n\n\n\n<div style=\"height:80px\" aria-hidden=\"true\" class=\"wp-block-spacer\"><\/div>\n\n\n\n<p><\/p>\n<\/div><\/div>\n\n\n\n<div style=\"height:100px\" aria-hidden=\"true\" class=\"wp-block-spacer\"><\/div>\n\n\n\n<div class=\"wp-block-columns\">\n<div class=\"wp-block-column\">\n<div class=\"wp-block-image icon-style is-style-rounded\"><figure class=\"aligncenter size-large is-resized\"><img loading=\"lazy\" src=\"https:\/\/s33834.pcdn.co\/wp-content\/uploads\/2020\/12\/check-solid-1.svg\" alt=\"\" width=\"64\" height=\"64\"\/><\/figure><\/div>\n\n\n\n<h3 class=\"has-text-align-center has-neve-text-color-color has-text-color\">or\u00e7amento r\u00e1pido<\/h3>\n\n\n\n<p class=\"has-text-align-center\">acesse nossos canais e nos solicite uma cota\u00e7\u00e3o<\/p>\n\n\n\n<div style=\"height:20px\" aria-hidden=\"true\" class=\"wp-block-spacer\"><\/div>\n<\/div>\n\n\n\n<div class=\"wp-block-column\">\n<div class=\"wp-block-image icon-style is-style-rounded\"><figure class=\"aligncenter size-large is-resized\"><img loading=\"lazy\" src=\"https:\/\/s33834.pcdn.co\/wp-content\/uploads\/2020\/12\/gem.svg\" alt=\"\" width=\"64\" height=\"64\"\/><\/figure><\/div>\n\n\n\n<h3 class=\"has-text-align-center has-neve-text-color-color has-text-color\">receba em tempo<\/h3>\n\n\n\n<p class=\"has-text-align-center\">seu trabalho entregue no prazo contratado<\/p>\n\n\n\n<div style=\"height:20px\" aria-hidden=\"true\" class=\"wp-block-spacer\"><\/div>\n<\/div>\n\n\n\n<div class=\"wp-block-column\">\n<div class=\"wp-block-image icon-style is-style-rounded\"><figure class=\"aligncenter size-large is-resized\"><img loading=\"lazy\" src=\"https:\/\/s33834.pcdn.co\/wp-content\/uploads\/2020\/12\/bolt.svg\" alt=\"\" width=\"64\" height=\"64\"\/><\/figure><\/div>\n\n\n\n<h3 class=\"has-text-align-center has-neve-text-color-color has-text-color\">problema resolvido<\/h3>\n\n\n\n<p class=\"has-text-align-center\">qualidade acima de tudo para resolver o seu problema<\/p>\n\n\n\n<div style=\"height:20px\" aria-hidden=\"true\" class=\"wp-block-spacer\"><\/div>\n<\/div>\n<\/div>\n\n\n\n<div class=\"wp-block-cover alignfull has-neve-link-hover-color-background-color has-background-dim\" style=\"min-height:547px\"><div class=\"wp-block-cover__inner-container\">\n<div class=\"wp-block-group\"><div class=\"wp-block-group__inner-container\">\n<div class=\"wp-block-columns are-vertically-aligned-center\">\n<div class=\"wp-block-column is-vertically-aligned-center\" style=\"flex-basis:50%\">\n<figure class=\"wp-block-image size-large is-resized is-style-default\"><img loading=\"lazy\" src=\"https:\/\/tarbellconsult.com\/wp-content\/uploads\/2021\/04\/garbage-2729608_1920-1024x670.jpg\" alt=\"\" class=\"wp-image-313\" width=\"545\" height=\"356\" srcset=\"https:\/\/tarbellconsult.com\/wp-content\/uploads\/2021\/04\/garbage-2729608_1920-1024x670.jpg 1024w, https:\/\/tarbellconsult.com\/wp-content\/uploads\/2021\/04\/garbage-2729608_1920-300x196.jpg 300w, https:\/\/tarbellconsult.com\/wp-content\/uploads\/2021\/04\/garbage-2729608_1920-768x502.jpg 768w, https:\/\/tarbellconsult.com\/wp-content\/uploads\/2021\/04\/garbage-2729608_1920-1536x1005.jpg 1536w, https:\/\/tarbellconsult.com\/wp-content\/uploads\/2021\/04\/garbage-2729608_1920.jpg 1920w\" sizes=\"(max-width: 545px) 100vw, 545px\" \/><\/figure>\n<\/div>\n\n\n\n<div class=\"wp-block-column is-vertically-aligned-center\" style=\"flex-basis:50%\">\n<div style=\"height:20px\" aria-hidden=\"true\" class=\"wp-block-spacer\"><\/div>\n\n\n\n<h2 class=\"has-text-align-left has-neve-text-color-color has-text-color\">Projetos e Estudos Ambientais<\/h2>\n\n\n\n<p class=\"has-text-align-left has-neve-text-color-color has-text-color\" style=\"font-size:17px\">O seu neg\u00f3cio devidamente licenciado, cumprindo todos os ritos ambientais e garantindo n\u00e3o conformidades.<\/p>\n\n\n\n<div class=\"wp-block-buttons is-content-justification-left\">\n<div class=\"wp-block-button is-style-secondary\"><a class=\"wp-block-button__link\" href=\"https:\/\/demosites.io\/web-agency-gb\/web-agency-gb-portfolio-single\/\">SAIBA MAIS<\/a><\/div>\n<\/div>\n<\/div>\n<\/div>\n<\/div><\/div>\n<\/div><\/div>\n\n\n\n<div class=\"wp-block-cover alignfull has-nv-site-bg-background-color has-background-dim\" style=\"min-height:723px\"><div class=\"wp-block-cover__inner-container\">\n<div class=\"wp-block-group\"><div class=\"wp-block-group__inner-container\">\n<div style=\"height:1px\" aria-hidden=\"true\" class=\"wp-block-spacer\"><\/div>\n\n\n\n<div class=\"wp-block-columns are-vertically-aligned-center\">\n<div class=\"wp-block-column is-vertically-aligned-center\" style=\"flex-basis:50%\">\n<h2 class=\"has-text-align-right has-neve-text-color-color has-text-color\">Estudos Socioecon\u00f4micos<\/h2>\n\n\n\n<p class=\"has-text-align-right has-neve-text-color-color has-text-color\" style=\"font-size:17px\">Compreender o comportamento socioecon\u00f4mico do seu neg\u00f3cio face aos desafios urbanos.<\/p>\n\n\n\n<div class=\"wp-block-buttons is-content-justification-left\">\n<div class=\"wp-block-button is-style-primary\"><a class=\"wp-block-button__link\" href=\"https:\/\/tarbellconsult.com\/?page_id=378\">SAIBA MAIS<\/a><\/div>\n<\/div>\n\n\n\n<div style=\"height:40px\" aria-hidden=\"true\" class=\"wp-block-spacer\"><\/div>\n<\/div>\n\n\n\n<div class=\"wp-block-column is-vertically-aligned-center\" style=\"flex-basis:50%\">\n<figure class=\"wp-block-image size-large is-resized\"><img loading=\"lazy\" src=\"https:\/\/tarbellconsult.com\/wp-content\/uploads\/2021\/04\/Estudos_socioeconomicos-1024x682.jpg\" alt=\"\" class=\"wp-image-314\" width=\"741\" height=\"492\"\/><\/figure>\n\n\n\n<p><\/p>\n<\/div>\n<\/div>\n<\/div><\/div>\n\n\n\n<p><\/p>\n<\/div><\/div>\n\n\n\n<div class=\"wp-block-cover alignfull has-nv-dark-bg-background-color has-background-dim\" style=\"min-height:719px\"><div class=\"wp-block-cover__inner-container\">\n<div class=\"wp-block-group\"><div class=\"wp-block-group__inner-container\">\n<div style=\"height:80px\" aria-hidden=\"true\" class=\"wp-block-spacer\"><\/div>\n\n\n\n<div class=\"wp-block-columns are-vertically-aligned-center\">\n<div class=\"wp-block-column is-vertically-aligned-center\" style=\"flex-basis:50%\">\n<figure class=\"wp-block-image size-large\"><img loading=\"lazy\" width=\"1024\" height=\"683\" src=\"https:\/\/tarbellconsult.com\/wp-content\/uploads\/2021\/04\/architecture-1857175_1920-1024x683.jpg\" alt=\"\" class=\"wp-image-319\" srcset=\"https:\/\/tarbellconsult.com\/wp-content\/uploads\/2021\/04\/architecture-1857175_1920-1024x683.jpg 1024w, https:\/\/tarbellconsult.com\/wp-content\/uploads\/2021\/04\/architecture-1857175_1920-300x200.jpg 300w, https:\/\/tarbellconsult.com\/wp-content\/uploads\/2021\/04\/architecture-1857175_1920-768x512.jpg 768w, https:\/\/tarbellconsult.com\/wp-content\/uploads\/2021\/04\/architecture-1857175_1920-1536x1024.jpg 1536w, https:\/\/tarbellconsult.com\/wp-content\/uploads\/2021\/04\/architecture-1857175_1920-930x620.jpg 930w, https:\/\/tarbellconsult.com\/wp-content\/uploads\/2021\/04\/architecture-1857175_1920.jpg 1920w\" sizes=\"(max-width: 1024px) 100vw, 1024px\" \/><figcaption>Imagem de Lorenzo Cafaro, por Pixabay<\/figcaption><\/figure>\n<\/div>\n\n\n\n<div class=\"wp-block-column is-vertically-aligned-center\" style=\"flex-basis:50%\">\n<div style=\"height:40px\" aria-hidden=\"true\" class=\"wp-block-spacer\"><\/div>\n\n\n\n<h2 class=\"has-text-align-left has-nv-text-dark-bg-color has-text-color\">Projetos Arquitet\u00f4nicos e Urban\u00edsticos <\/h2>\n\n\n\n<p class=\"has-text-align-left has-nv-text-dark-bg-color has-text-color\" style=\"font-size:17px\">Porque dimensionar o seu espa\u00e7o \u00e9 dar espa\u00e7o \u00e0s suas dimens\u00f5es. Ocupe o seu espa\u00e7o e deixe o seu espa\u00e7o ocupar o ambiente urbano.<\/p>\n\n\n\n<div class=\"wp-block-buttons is-content-justification-left\">\n<div class=\"wp-block-button is-style-primary\"><a class=\"wp-block-button__link\" href=\"https:\/\/tarbellconsult.com\/?page_id=378\">SAIBA MAIS<\/a><\/div>\n<\/div>\n<\/div>\n<\/div>\n<\/div><\/div>\n<\/div><\/div>\n\n\n\n<h2 class=\"alignfull has-text-align-center has-nv-dark-bg-color has-neve-link-hover-color-background-color has-text-color has-background\">T<strong>emos diversos parceiros. Veja quem nos apoia e trabalha conosco.<\/strong><\/h2>\n\n\n\n<div class=\"wp-block-group alignfull\"><div class=\"wp-block-group__inner-container\">\n<p><\/p>\n\n\n\n<div class=\"wp-block-cover alignfull has-nv-text-dark-bg-background-color has-background-dim has-custom-content-position is-position-center-right\" style=\"min-height:269px\"><div class=\"wp-block-cover__inner-container\">\n<div class=\"wp-block-columns\">\n<div class=\"wp-block-column is-vertically-aligned-top ticss-4ce656f1\">\n<figure class=\"wp-block-image size-large is-style-default\"><a href=\"http:\/\/www.masterplan.eng.br\/port\/\"><img loading=\"lazy\" width=\"1024\" height=\"211\" src=\"https:\/\/tarbellconsult.com\/wp-content\/uploads\/2021\/04\/Logo_Masterplan_2016-1024x211.png\" alt=\"\" class=\"wp-image-325\" srcset=\"https:\/\/tarbellconsult.com\/wp-content\/uploads\/2021\/04\/Logo_Masterplan_2016-1024x211.png 1024w, https:\/\/tarbellconsult.com\/wp-content\/uploads\/2021\/04\/Logo_Masterplan_2016-300x62.png 300w, https:\/\/tarbellconsult.com\/wp-content\/uploads\/2021\/04\/Logo_Masterplan_2016-768x158.png 768w, https:\/\/tarbellconsult.com\/wp-content\/uploads\/2021\/04\/Logo_Masterplan_2016.png 1535w\" sizes=\"(max-width: 1024px) 100vw, 1024px\" \/><\/a><\/figure>\n\n\n\n<p class=\"has-text-align-center has-neve-text-color-color has-text-color has-normal-font-size\"><strong>Masterplan Consultoria de Projetos e Meio Ambiente<\/strong><\/p>\n<\/div>\n\n\n\n<div class=\"wp-block-column is-vertically-aligned-top ticss-f6fc7494\">\n<div class=\"wp-block-image is-style-default\"><figure class=\"aligncenter size-large is-resized\"><a href=\"https:\/\/www.ecologus.com\/\"><img loading=\"lazy\" src=\"https:\/\/tarbellconsult.com\/wp-content\/uploads\/2021\/04\/Ecologus-1.png\" alt=\"\" class=\"wp-image-327\" width=\"239\" height=\"118\"\/><\/a><\/figure><\/div>\n\n\n\n<p class=\"has-text-align-center has-neve-text-color-color has-text-color has-normal-font-size\"><strong>Ecologus Engenharia Consultiva<\/strong><\/p>\n<\/div>\n\n\n\n<div class=\"wp-block-column ticss-a5b4df29\">\n<div class=\"wp-block-image is-style-rounded\"><figure class=\"aligncenter size-large is-resized\"><a href=\"https:\/\/www.instagram.com\/viver.solucoesambientais\/\"><img loading=\"lazy\" src=\"https:\/\/tarbellconsult.com\/wp-content\/uploads\/2021\/04\/viver_solucoes-removebg-preview.png\" alt=\"\" class=\"wp-image-328\" width=\"289\" height=\"101\"\/><\/a><\/figure><\/div>\n\n\n\n<p class=\"has-text-align-center has-neve-text-color-color has-text-color has-normal-font-size\"><strong>Viver Solu\u00e7\u00f5es Ambientais<\/strong><\/p>\n<\/div>\n<\/div>\n<\/div><\/div>\n<\/div><\/div>\n\n\n\n<div class=\"wp-block-cover alignfull has-nv-dark-bg-background-color has-background-dim\" style=\"min-height:476px\"><div class=\"wp-block-cover__inner-container\">\n<h2 class=\"has-text-align-center has-nv-text-dark-bg-color has-text-color\">Vamos trabalhar juntos?<\/h2>\n\n\n\n<p class=\"has-text-align-center\">Solicite-nos uma proposta comercial.<\/p>\n\n\n\n<div class=\"wp-block-buttons is-content-justification-center\">\n<div class=\"wp-block-button is-style-primary\"><a class=\"wp-block-button__link\" href=\"https:\/\/tarbellconsult.com\/?page_id=242\">NOSSOS CONTATOS<\/a><\/div>\n<\/div>\n<\/div><\/div>\n\n\n\n<p><\/p>\n","protected":false},"excerpt":{"rendered":"<p>or\u00e7amento r\u00e1pido acesse nossos canais e nos solicite uma cota\u00e7\u00e3o receba em tempo seu trabalho entregue no prazo contratado problema resolvido qualidade acima de tudo para resolver o seu problema Temos diversos parceiros. Veja quem nos apoia e trabalha conosco.<\/p>\n","protected":false},"author":1,"featured_media":0,"parent":0,"menu_order":0,"comment_status":"closed","ping_status":"closed","template":"","meta":{"om_disable_all_campaigns":false,"_monsterinsights_skip_tracking":false,"_monsterinsights_sitenote_active":false,"_monsterinsights_sitenote_note":"","_monsterinsights_sitenote_category":0,"neve_meta_sidebar":"default","neve_meta_container":"default","neve_meta_enable_content_width":"on","neve_meta_content_width":100,"neve_meta_title_alignment":"","neve_meta_author_avatar":"","neve_post_elements_order":"","neve_meta_disable_header":"","neve_meta_disable_footer":"","neve_meta_disable_title":"on","_ti_tpc_template_sync":false,"_ti_tpc_template_id":"cwhkd9lki581rusuhjti"},"_links":{"self":[{"href":"https:\/\/tarbellconsult.com\/index.php?rest_route=\/wp\/v2\/pages\/230"}],"collection":[{"href":"https:\/\/tarbellconsult.com\/index.php?rest_route=\/wp\/v2\/pages"}],"about":[{"href":"https:\/\/tarbellconsult.com\/index.php?rest_route=\/wp\/v2\/types\/page"}],"author":[{"embeddable":true,"href":"https:\/\/tarbellconsult.com\/index.php?rest_route=\/wp\/v2\/users\/1"}],"replies":[{"embeddable":true,"href":"https:\/\/tarbellconsult.com\/index.php?rest_route=%2Fwp%2Fv2%2Fcomments&post=230"}],"version-history":[{"count":33,"href":"https:\/\/tarbellconsult.com\/index.php?rest_route=\/wp\/v2\/pages\/230\/revisions"}],"predecessor-version":[{"id":386,"href":"https:\/\/tarbellconsult.com\/index.php?rest_route=\/wp\/v2\/pages\/230\/revisions\/386"}],"wp:attachment":[{"href":"https:\/\/tarbellconsult.com\/index.php?rest_route=%2Fwp%2Fv2%2Fmedia&parent=230"}],"curies":[{"name":"wp","href":"https:\/\/api.w.org\/{rel}","templated":true}]}}